{"id":2640,"date":"2025-06-13T12:02:54","date_gmt":"2025-06-13T12:02:54","guid":{"rendered":"https:\/\/unoendos.net\/?post_type=product&#038;p=2640"},"modified":"2025-07-25T09:09:31","modified_gmt":"2025-07-25T09:09:31","slug":"obras-escogidas-baltasar-gracian","status":"publish","type":"product","link":"https:\/\/unoendos.net\/?product=obras-escogidas-baltasar-gracian","title":{"rendered":"Obras escogidas &#8211; Baltasar Graci\u00e1n"},"content":{"rendered":"<p>Baltasar Graci\u00e1n concentr\u00f3 toda su producci\u00f3n literaria entre 1637 y 1657, decidido a permanecer en la rep\u00fablica de las letras pese a los obst\u00e1culos que le ocasion\u00f3 su pertenencia a la Compa\u00f1\u00eda de Jes\u00fas y su reiterada negativa a solicitar licencias internas. Fiel a la m\u00e1xima \u00ablo bueno, si breve, dos veces bueno\u00bb, cultiv\u00f3 un estilo de extrema concisi\u00f3n y public\u00f3 sus obras en formato reducido como los tratados morales y pol\u00edticos presentes en la siguiente selecci\u00f3n de textos: El H\u00e9roe, El Pol\u00edtico, El Discreto, Or\u00e1culo manual y arte de prudencia.<br \/>\nCada tratado responde a una fase de su pensamiento: El H\u00e9roe (1637) perfila veinte \u00abprimores\u00bb que trazan un ideal casi inalcanzable; El Pol\u00edtico (1640) ensalza a Fernando el Cat\u00f3lico como modelo de buen gobierno frente a las crisis de su \u00e9poca; El Discreto (1646) desplaza la mirada hacia el cortesano completo, combinando m\u00faltiples formas literarias; y el Or\u00e1culo manual (1647) destila trescientos aforismos que culminan el conceptismo en prosa espa\u00f1ola, proponiendo al lector un arquetipo de prudencia y desenga\u00f1o.<br \/>\nEn su conjunto, la obra graciana transita de la construcci\u00f3n de figuras ejemplares a la formulaci\u00f3n de m\u00e1ximas universales, manteniendo siempre la agudeza, la exigencia intelectual y la econom\u00eda expresiva que lo distinguen como uno de los maestros del Siglo de Oro.<\/p>\n","protected":false},"excerpt":{"rendered":"<p>Fiel a la m\u00e1xima \u00ablo bueno, si breve, dos veces bueno\u00bb, cultiv\u00f3 un estilo de extrema concisi\u00f3n y public\u00f3 sus obras en formato reducido como los tratados morales y pol\u00edticos presentes en la siguiente selecci\u00f3n de textos: El H\u00e9roe, El Pol\u00edtico, El Discreto, Or\u00e1culo manual y arte de prudencia. En su conjunto, la obra graciana transita de la construcci\u00f3n de figuras ejemplares a la formulaci\u00f3n de m\u00e1ximas universales, manteniendo siempre la agudeza, la exigencia intelectual y la econom\u00eda expresiva que lo distinguen como uno de los maestros del Siglo de Oro.<\/p>\n<div id=\"sellbtn_product_widget_container\">\n<div id=\"sell-card-preview\">\n<style type=\"text\/css\">.mbssellwidget-productcard-container,.mbssellwidget-columnpanel-container{display:block;overflow:hidden;background:#fff;border:2px solid #eaedef;padding:30px;max-width:590px;margin:0 auto;box-sizing:content-box;font-family:\"Muli\",Arial,Helvetica,sans-serif;font-size:14px;line-height:1.5em;font-weight:normal;color:#282828;text-align:left}.mbssellwidget-productcard-covercontainer{display:block;overflow:hidden;width:35%;max-width:185px;float:left;overflow:hidden;margin:0 30px 0 0}.mbssellwidget-productcard-covercontainer img{width:100%;margin:0}@media screen and (max-width:500px){.mbssellwidget-productcard-covercontainer{float:none;width:100%;max-width:none}}.mbssellwidget-productcard-authorcontainer{display:block;overflow:hidden;margin-bottom:20px}.mbssellwidget-productcard-authorcontainer .mbssellwidget-productcard-authorimage{display:block;overflow:hidden;float:left;width:40px;height:40px;border-radius:50%;margin-right:10px}.mbssellwidget-productcard-authorcontainer .mbssellwidget-productcard-authorimage img{width:100%}.mbssellwidget-productcard-authorcontainer .mbssellwidget-productcard-authorname{line-height:40px;overflow:hidden;white-space:nowrap;text-overflow:ellipsis}.mbssellwidget-productcard-bookcontainer{display:block;overflow:hidden}.mbssellwidget-productcard-bookcontainer .mbssellwidget-productcard-booktitle{font-size:1.1em;line-height:1.5em;font-weight:500}.mbssellwidget-productcard-bookcontainer .mbssellwidget-productcard-bookdesc{font-size:.85em;line-height:1.5em;color:#727577}.mbssellwidget-productcard-bookcontainer .mbssellwidget-productcard-bookprice{margin-top:10px;margin-bottom:20px}.mbssellwidget-productcard-bookcontainer .mbssellwidget-productcard-bookprice .mbssellwidget-productcard-bookprice-binding{display:inline;font-size:.8em;text-transform:uppercase;color:#727577}.mbssellwidget-sellbutton{display:inline-block;background:#f26222;color:#fff;border:0 solid #f26222;font-family:\"Muli\",Arial,Helvetica,sans-serif;font-size:14px;font-weight:700;line-height:1.5em;text-decoration:none;text-transform:uppercase;border-radius:5px;padding:8px 20px;cursor:pointer}.mbssellwidget-sellbutton:hover{background:#ed520e;border:0 solid #f26222;border-color:#ed520e;color:#fff;text-decoration:none}.mbssellwidget-columnpanel-container{max-width:240px}@media screen and (max-width:500px){.mbssellwidget-columnpanel-container{max-width:none}}.mbssellwidget-columnpanel-covercontainer{display:block;overflow:hidden;overflow:hidden;margin:0 0 20px 0;width:100%}.mbssellwidget-columnpanel-covercontainer img{width:100%;max-height:400px;margin:0}<\/style>\n<div id=\"sell-card431692\">\n<div id=\"sellbtn_buy-button431692\"><a id=\"btn_button431692\" class=\"mbssellwidget-sellbutton\" href=\"https:\/\/publishes.bookmundo.com\/cart\/431692\" style=\"background: rgb(173, 19, 19);\">Compra<\/a><\/div>\n<\/p><\/div>\n<\/p><\/div>\n<\/p><\/div>\n<p><script type='text\/javascript' src='https:\/\/storage.ko-fi.com\/cdn\/widget\/Widget_2.js'><\/script><script type='text\/javascript'>kofiwidget2.init('Dona en Ko-fi', '#000000', 'C0C6AA2ZP');kofiwidget2.draw();<\/script> <\/p>\n","protected":false},"featured_media":2639,"template":"","meta":{"_uag_custom_page_level_css":"","site-sidebar-layout":"default","site-content-layout":"","ast-site-content-layout":"default","site-content-style":"default","site-sidebar-style":"default","ast-global-header-display":"","ast-banner-title-visibility":"","ast-main-header-display":"","ast-hfb-above-header-display":"","ast-hfb-below-header-display":"","ast-hfb-mobile-header-display":"","site-post-title":"","ast-breadcrumbs-content":"","ast-featured-img":"","footer-sml-layout":"","ast-disable-related-posts":"","theme-transparent-header-meta":"default","adv-header-id-meta":"","stick-header-meta":"","header-above-stick-meta":"","header-main-stick-meta":"","header-below-stick-meta":"","astra-migrate-meta-layouts":"set","ast-page-background-enabled":"default","ast-page-background-meta":{"desktop":{"background-color":"","background-image":"","background-repeat":"repeat","background-position":"center center","background-size":"auto","background-attachment":"scroll","background-type":"","background-media":"","overlay-type":"","overlay-color":"","overlay-opacity":"","overlay-gradient":""},"tablet":{"background-color":"","background-image":"","background-repeat":"repeat","background-position":"center center","background-size":"auto","background-attachment":"scroll","background-type":"","background-media":"","overlay-type":"","overlay-color":"","overlay-opacity":"","overlay-gradient":""},"mobile":{"background-color":"","background-image":"","background-repeat":"repeat","background-position":"center center","background-size":"auto","background-attachment":"scroll","background-type":"","background-media":"","overlay-type":"","overlay-color":"","overlay-opacity":"","overlay-gradient":""}},"ast-content-background-meta":{"desktop":{"background-color":"var(--ast-global-color-5)","background-image":"","background-repeat":"repeat","background-position":"center center","background-size":"auto","background-attachment":"scroll","background-type":"","background-media":"","overlay-type":"","overlay-color":"","overlay-opacity":"","overlay-gradient":""},"tablet":{"background-color":"var(--ast-global-color-5)","background-image":"","background-repeat":"repeat","background-position":"center center","background-size":"auto","background-attachment":"scroll","background-type":"","background-media":"","overlay-type":"","overlay-color":"","overlay-opacity":"","overlay-gradient":""},"mobile":{"background-color":"var(--ast-global-color-5)","background-image":"","background-repeat":"repeat","background-position":"center center","background-size":"auto","background-attachment":"scroll","background-type":"","background-media":"","overlay-type":"","overlay-color":"","overlay-opacity":"","overlay-gradient":""}},"_themeisle_gutenberg_block_has_review":false},"product_brand":[],"product_cat":[42,52],"product_tag":[144,71,143],"class_list":{"0":"post-2640","1":"product","2":"type-product","3":"status-publish","4":"has-post-thumbnail","6":"product_cat-filosofia","7":"product_cat-teoria-politica","8":"product_tag-aforismos","9":"product_tag-filosofia","10":"product_tag-maximas","11":"desktop-align-left","12":"tablet-align-left","13":"mobile-align-left","15":"first","16":"instock","17":"shipping-taxable","18":"purchasable","19":"product-type-simple"},"uagb_featured_image_src":{"full":["https:\/\/unoendos.net\/wp-content\/uploads\/2025\/06\/Mockup-74.jpg",2250,1688,false],"thumbnail":["https:\/\/unoendos.net\/wp-content\/uploads\/2025\/06\/Mockup-74-150x150.jpg",150,150,true],"medium":["https:\/\/unoendos.net\/wp-content\/uploads\/2025\/06\/Mockup-74-300x225.jpg",300,225,true],"medium_large":["https:\/\/unoendos.net\/wp-content\/uploads\/2025\/06\/Mockup-74-768x576.jpg",768,576,true],"large":["https:\/\/unoendos.net\/wp-content\/uploads\/2025\/06\/Mockup-74-1024x768.jpg",1024,768,true],"1536x1536":["https:\/\/unoendos.net\/wp-content\/uploads\/2025\/06\/Mockup-74-1536x1152.jpg",1536,1152,true],"2048x2048":["https:\/\/unoendos.net\/wp-content\/uploads\/2025\/06\/Mockup-74-2048x1536.jpg",2048,1536,true],"woocommerce_thumbnail":["https:\/\/unoendos.net\/wp-content\/uploads\/2025\/06\/Mockup-74-300x400.jpg",300,400,true],"woocommerce_single":["https:\/\/unoendos.net\/wp-content\/uploads\/2025\/06\/Mockup-74-600x450.jpg",600,450,true],"woocommerce_gallery_thumbnail":["https:\/\/unoendos.net\/wp-content\/uploads\/2025\/06\/Mockup-74-100x100.jpg",100,100,true]},"uagb_author_info":{"display_name":"Ediciones Uno en Dos","author_link":"https:\/\/unoendos.net\/?author=0"},"uagb_comment_info":0,"uagb_excerpt":"Fiel a la m\u00e1xima \u00ablo bueno, si breve, dos veces bueno\u00bb, cultiv\u00f3 un estilo de extrema concisi\u00f3n y public\u00f3 sus obras en formato reducido como los tratados morales y pol\u00edticos presentes en la siguiente selecci\u00f3n de textos: El H\u00e9roe, El Pol\u00edtico, El Discreto, Or\u00e1culo manual y arte de prudencia. En su conjunto, la obra graciana&hellip;","jetpack_sharing_enabled":true,"_links":{"self":[{"href":"https:\/\/unoendos.net\/index.php?rest_route=\/wp\/v2\/product\/2640","targetHints":{"allow":["GET"]}}],"collection":[{"href":"https:\/\/unoendos.net\/index.php?rest_route=\/wp\/v2\/product"}],"about":[{"href":"https:\/\/unoendos.net\/index.php?rest_route=\/wp\/v2\/types\/product"}],"wp:featuredmedia":[{"embeddable":true,"href":"https:\/\/unoendos.net\/index.php?rest_route=\/wp\/v2\/media\/2639"}],"wp:attachment":[{"href":"https:\/\/unoendos.net\/index.php?rest_route=%2Fwp%2Fv2%2Fmedia&parent=2640"}],"wp:term":[{"taxonomy":"product_brand","embeddable":true,"href":"https:\/\/unoendos.net\/index.php?rest_route=%2Fwp%2Fv2%2Fproduct_brand&post=2640"},{"taxonomy":"product_cat","embeddable":true,"href":"https:\/\/unoendos.net\/index.php?rest_route=%2Fwp%2Fv2%2Fproduct_cat&post=2640"},{"taxonomy":"product_tag","embeddable":true,"href":"https:\/\/unoendos.net\/index.php?rest_route=%2Fwp%2Fv2%2Fproduct_tag&post=2640"}],"curies":[{"name":"wp","href":"https:\/\/api.w.org\/{rel}","templated":true}]}}